 common factor of r and 9?
9
Suppose 0 = -49*s + 27*s + 26*s - 60. Suppose 3*x - 2*y = 143, 2*y + 2 + 6 = 0. Calculate the greatest common factor of s and x.
15
Suppose 0 = 3*u - 6. Suppose u*i = -132 + 348. Let t be 24/i - 536/(-18). What is the highest common factor of 330 and t?
30
Let n be 2/9 - (-1772)/(-36). Suppose d + 5*q = -83, -154 = 9*d - 7*d + 4*q. Let v = n - d. Calculate the greatest common divisor of v and 60.
12
Let j be (-1)/(-2) + 1050/28. Calculate the highest common factor of 190 and j.
38
Suppose -13*k = -15*k + 210. Suppose -v + k = 2*v. What is the highest common divisor of 14 and v?
7
Suppose -5*s = -2*m - 73, 0*m - 4*m = 16. Let t = 374 - 142. Suppose -4*g + t = -184. Calculate the greatest common factor of s and g.
13
Suppose -28*b = -302 - 594. What is the greatest common factor of 96 and b?
32
Suppose 5*t - 3*a - 543 = 0, -5*a - 45 = 4*t - 472. What is the highest common factor of 32 and t?
4
Let c = -8 + 10. Suppose -c*g = -7*g + 75. Let i(a) = -a**2 + 6*a + 1. Let j be i(5). Calculate the highest common divisor of g and j.
3
Let q be (-16 + 21)*6/5. What is the greatest common divisor of 48 and q?
6
Let l be 122/427 + (4702/(-7))/(-1). Calculate the highest common divisor of l and 14.
14
Suppose -4*g = -5*g + v + 3, 3*g + v - 21 = 0. Suppose -r - r = y - 6, -4*y = r + 4. What is the highest common divisor of r and g?
2
Let g(k) = k + 8. Let j(v) = -v - 17. Let n(b) = -5*g(b) - 2*j(b). Let m be n(-10). Calculate the highest common divisor of 8 and m.
8
Suppose o - l - 9 = -1, 4*o - l - 17 = 0. Let w(c) = 4*c + 27. Let h be w(-5). Let i be (o + -4)/((-1)/h). Calculate the greatest common divisor of i and 7.
7
Let z(w) = -w**2 + 13*w - 1. Let d be z(12). Let i = -7 + d. Suppose -5*c - i*b = -400, 173 = -5*c + 5*b + 573. Calculate the highest common factor of c and 20.
20
Suppose 2*t - 1 = t. Suppose -t = 3*x - 5*x - 5*q, -2*q = 5*x - 13. What is the highest common factor of 12 and x?
3
Let n = 135 + -92. Let f = n - 19. Calculate the highest common factor of 16 and f.
8
Suppose 4*p + 64 = 5*f, 3*p = -3*f - 0*p + 60. Suppose -2*u + 4*h = h - 3, h + 1 = 0. Let y = 4 + u. Calculate the highest common divisor of f and y.
4
Let m be (18/18)/((-1)/(-8)). Let r be (m - -1) + 1 + 0. Calculate the highest common divisor of r and 4.
2
Suppose -162 = -2*k + 4*p - 122, -2 = 2*p. What is the greatest common factor of k and 117?
9
Let g be ((-5)/(-5) + 8)*(-14)/(-3). Calculate the greatest common factor of g and 24.
6
Suppose -3*h = -6*h + 39. Suppose 44 = 2*o + 3*c + h, o = -3*c + 23. Let u(x) = 17*x - 2. Let j be u(2). Calculate the greatest common factor of o and j.
8
Let w be (-9)/(-3)*986/87. What is the greatest common factor of w and 1666?
34
Suppose -1018*a = -1027*a + 4500. What is the highest common factor of 400 and a?
100
Let h be -10 - (-4 - (-760)/(-10)). Calculate the highest common factor of 70 and h.
70
Let k = 472 + -125. What is the highest common factor of 1 and k?
1
Suppose 0 = -5*s - 5, -3*s = 5*u - 6*s - 1043. Suppose -4*g + 2*y = -y - 859, -3*y - u = -g. Calculate the greatest common divisor of 31 and g.
31
Suppose 2*v - 213 = -191. Calculate the greatest common divisor of v and 77.
11
Suppose 4*i + 376 = 3*n + 2*n, -4*n = -5*i - 299. Let x = n - 4. Calculate the highest common divisor of 8 and x.
8
Suppose -4*j + 8 = 0, -3*u + 2*j + 88 = -2*j. Let k = u + -11. What is the highest common factor of 168 and k?
21
Suppose 3*u - 1859 = w, -20*u + 4*w = -19*u - 605. Calculate the greatest common divisor of 54 and u.
27
Suppose 237*t - 6 = 231*t. What is the greatest common factor of 233 and t?
1
Let q(a) = -2*a**2 + 40*a. Let m be q(19). Calculate the greatest common factor of 19 and m.
19
Let h(i) = -i**3 + 2*i**2 + 2*i + 34. Let w be h(0). Calculate the greatest common divisor of 748 and w.
34
Suppose -12 = 3*n, -4*f - f = 4*n - 54. Let a(q) = q**2 + 12*q + 8. Let z be a(-12). Let m = 34 + z. What is the greatest common divisor of f and m?
14
Let i be 4/22 - (-14602)/154. Let x be 3*((-26)/(-3) + 4). What is the greatest common factor of x and i?
19
Let q(v) = v**3 - 6*v**2 - 12*v + 16. Let w be q(8). Suppose 22 = 2*c - w. Suppose 7 = -2*m + c. Calculate the greatest common divisor of 14 and m.
14
Suppose -5*c - 80 = -5*d, 0 = 6*d - 5*d + 4*c + 4. What is the greatest common factor of d and 318?
6
Suppose 28 = -2*w + 4*w. Let o(v) = -3*v + 3. Let c be o(1). Suppose 8 = 4*k - 2*z - 3*z, 4*z = c. Calculate the highest common divisor of k and w.
2
Let v = -31 - -33. Suppose o + 310 = 3*t, 0 = v*t - 2*o - 140 - 64. Suppose 0*j - j + 13 = 0. Calculate the greatest common factor of t and j.
13
Suppose -10 = -2*o + 7*o. Let q = 4 + o. Let l be 15/(q - 11/6). What is the greatest common divisor of 18 and l?
18
Let n = -147 - -322. What is the highest common factor of n and 14?
7
Let a be ((-4)/(-2) - 2) + 14. Let h be 20/(-90) - (-112)/18. Let o(s) = 16*s + 16. Let z be o(h). Calculate the highest common divisor of a and z.
14
Let x be 20/(-1 - (-10)/6). Let r(h) = h - 15. Let a(s) = -5*s - 44. Let o be a(-13). Let z be r(o). Calculate the greatest common divisor of x and z.
6
Let h(a) = -a**3 + 11*a**2 + 5*a + 2. Let q be h(9). What is the highest common divisor of 19 and q?
19
Let z = -204 - -219. What is the highest common divisor of 55 and z?
5
Suppose -4*f + 2*v = -448, -5*f + 291 + 247 = 3*v. Calculate the greatest common factor of 132 and f.
22
Let t be ((-16)/(-24))/(2/9). Suppose 3*f = -5*j + 212, -t*f = -2*f + j - 68. Calculate the greatest common divisor of 8 and f.
8
Let d = 11 - 9. Suppose -41 = -d*r + 63. Suppose 0 = -3*b - b + r. What is the greatest common factor of b and 39?
13
Suppose 5*q - 7*q = -5*c + 249, -4*c - 5*q = -186. What is the highest common divisor of 784 and c?
49
Let q = -135 + 183. Calculate the greatest common factor of q and 21.
3
Let g(j) = 16*j**3 - j**2 - 3*j + 1. Let q be g(2). What is the highest common factor of q and 17?
17
Suppose -13*v + 15 = -10*v. Suppose s - 15 = -2*b, -v*s + 2*b = -2*b - 5. Let o = -41 - -96. Calculate the greatest common divisor of o and s.
5
Let q be (276/9)/(2/(-2 - -14)). Calculate the greatest common factor of 138 and q.
46
Let k be (8/6)/(2*(-6)/(-72)). Suppose 0 = -5*v + 6*y - y + 20, 3*y = -v - k. What is the greatest common divisor of v and 2?
1
Suppose 2*f + 19 = 109. Suppose -9 = 2*h + p, 2*h + 3*h = -5*p - 25. Let i be 54/h*2/(-3). What is the highest common factor of i and f?
9
Suppose -3*s + 16 = -2*o, 5*s = 2*o + o + 25. Let f be (12/(-9))/(s/(-42)). Let x be 92/f + (-6)/21. What is the highest common divisor of 3 and x?
3
Let k(p) = 3*p**2 - 2*p - 4. Let t be k(-4). Suppose 5*s = 4*q - 223, 2*q + 2*s + t = 3*q. Calculate the highest common factor of 155 and q.
31
Suppose 3*b + b = -12, -p - 5*b + 137 = 0. Let l = 52 - 14. What is the highest common divisor of p and l?
38
Let q = -98 - -238. Calculate the highest common divisor of q and 40.
20
Let h = 237 - 218. Calculate the greatest common factor of 304 and h.
19
Suppose -15*l = -350 - 175. Calculate the greatest common divisor of l and 189.
7
Let p = 392 - 299. Calculate the highest common factor of 217 and p.
31
Let x = 2 - -1. Suppose x*t + 0*t - 15 = 0. Calculate the greatest common factor of t and 15.
5
Let l be (6/(-3))/((-4)/6). Let y be 362/l + 1/3. Calculate the highest common divisor of 11 and y.
11
Let v(t) = 2*t**2 + 25*t - 37. Let k be v(-15). Calculate the highest common divisor of 76 and k.
38
Suppose 13*k - 16*k - 12 = 0. Let j(y) = y**3 + 3*y**2 - 3*y + 1. Let m be j(k). Let a be 20*(m + (-27)/(-4)). What is the highest common divisor of 30 and a?
15
Let w(g) = 8*g**2 + 368*g + 36. Let f be w(-46). Suppose 5*t = 9 - 34, -4*k + 5*t = -41. Calculate the highest common divisor of f and k.
4
Let n = 53 + -48. Let f(m) = 3*m**2 - 3*m + 10. Let s be f(n). What is the greatest common divisor of 28 and s?
14
Suppose -5*l + 16 = -l. Let w(k) = k**3 - 2*k**2 - 5*k + 6. Let g be w(l). Suppose 432 = -251*z + 254*z. Calculate the greatest common factor of g and z.
18
Suppose -6*l - 64 = 2*b - 4*l, 5*l + 92 = -3*b. Let t = 38 + b. Suppose 0 = 9*q - t*q - 645. Calculate the greatest common divisor of 43 and q.
43
Let w(b) = b**3 - 9*b**2 - b + 10. Let h be w(9). Let l(u) = u**3 +